ue
Suppose 8 = 5*i - 2. Suppose i*r - 13 = 3*b, 0 = -3*r + 4*b - 7*b - 18. Is (r + -130)/(-2 + 1) a composite number?
False
Suppose -k = -55 - 88. Is k a composite number?
True
Let v = -12 - -16. Suppose -m - 3*b = -863, -v*m - m - 4*b + 4337 = 0. Is m a prime number?
False
Let u(g) = -5 + 3 + g + 4 + g**2. Let k be u(-2). Suppose 2*l + 88 = 3*l - 3*y, k*y - 336 = -4*l. Is l prime?
False
Suppose 0*k + 2*k - 718 = 0. Is k composite?
False
Is (-299)/26*(-6)/1 a composite number?
True
Let x(c) = -147*c - 1. Let i be x(-6). Let n = i - 624. Is n a composite number?
False
Let q(d) = 7*d**3 + 3*d**2 - d - 7. Is q(4) prime?
False
Let s be 7/4 + 3/12. Suppose s*i - 1 = -5. Is (-1)/i*3*22 prime?
False
Let c be (2 + -1 - 15) + 0. Let w be 18/(1 - (-3)/(-12)). Let n = c + w. Is n prime?
False
Suppose -2*j - 31 - 21 = 0. Let c = 57 + j. Is c prime?
True
Suppose -3*c = -2*c - 74. Is 10*2/8*c composite?
True
Let n = 1222 + -2916. Let b = -1141 - n. Is b a composite number?
True
Suppose -4*u + 831 = -4*f - 189, -3*u = -2*f - 765. Let r = 139 + -305. Let x = u + r. Is x prime?
True
Suppose 0*o = 2*o - 38. Is o + 0 - (0 + 0) prime?
True
Suppose -5*a + 1775 = -5*d, -675 = 4*a - 3*d - 2095. Is a a composite number?
True
Let s be 18 + -2 + -3 + 2. Suppose -2*r = -r - s. Is r prime?
False
Suppose 35*l = 36*l - 1259. Is l prime?
True
Let h(c) = 1603*c - 12. Is h(1) a prime number?
False
Suppose 5*i - 22 = w - 4, 0 = 3*w + i - 10. Suppose 5*y - 2*y = -5*f + 372, -5*f = w*y - 253. Is y prime?
False
Let z be (-1*6)/(6/(-4)). Suppose -830 = 2*j - z*j. Suppose -k = 4*k - j. Is k composite?
False
Let o be (-5)/(-1) - (-18)/(-9). Suppose 4*w + 5*d - 119 = 0, -d + 27 = w + o*d. Is w a prime number?
True
Let x be (-2 - 2/(-2)) + -9. Is 4/x + 535/25 a prime number?
False
Let b = 2811 + -1534. Is b composite?
False
Is -1*(7*-25 + -4) a prime number?
True
Let k = 0 - -3. Suppose 2*g + 47 = -k*w + 139, -4*g - 20 = 0. Is w a composite number?
True
Suppose -3*x - 3 = 0, u + 114 = -0*x - x. Is (0 - 1*u) + 0 prime?
True
Let d = -26 - -399. Is d prime?
True
Suppose 0 = -g - 3 - 10. Let r be 24/(-10)*(-19 + 4). Let p = r - g. Is p a composite number?
True
Let a(v) = v**2 - 2*v - 2. Let m be 4/16 - 45/(-12). Suppose 20 = -3*y - 5*k, -18 = -y + m*y + 3*k. Is a(y) a composite number?
True
Suppose -d - 2 = -4, 2*o - d = 112. Is o composite?
True
Let d(q) = 2*q + 526. Is d(0) prime?
False
Let y be 3/(3/52) - 2. Suppose 4*t - y - 234 = 0. Let z = -34 + t. Is z a composite number?
False
Let f = -67 + 129. Let u = f + 0. Is u composite?
True
Suppose 172 = -0*v + 4*v. Let o = 80 - v. Is o composite?
False
Suppose -3 + 0 = -s. Suppose 0 = s*u - 20 - 58. Is u composite?
True
Suppose -2*s - y + 5948 = 0, -4*y = s + 2*s - 8927. Is s a prime number?
False
Let z(n) = -6*n**3 - 3*n**2 + 8*n. Let j(p) = p**3 - 1. Let h(c) = 5*j(c) + z(c). Is h(-8) a prime number?
True
Let x(n) = 4*n + 3. Let w(y) = -y - 1. Let i(d) = -3*w(d) - x(d). Let f(a) = -a**3 + a**2 + 3*a + 3. Let o be f(3). Is i(o) composite?
True
Let x(n) = -n - n - 1 + n. Let w be x(-3). Is (-1)/(w*(-1)/254) a prime number?
True
Suppose -2*a - 151 = -5*g + 1026, 4*g + 2*a = 938. Is g composite?
True
Let k be 2/6 + (-15)/(-9). Suppose 2*a = 2*u - 990, -k*a - 3*a + 10 = 0. Is u prime?
False
Let i = 9 + 115. Suppose -5*c + 230 = 4*f, 2*f + 5*c + 250 = 6*f. Suppose -4*x + f = -i. Is x a prime number?
False
Is (194/4)/((-1)/(-14)) a composite number?
True
Suppose -k + 5*k + 376 = 0. Let m = k + 161. Is m a composite number?
False
Suppose -s = -5*s + 20. Suppose -s*p = -p - 176. Let b = 21 + p. Is b a prime number?
False
Suppose 887 - 2366 = -p + 2*f, 3*p = 5*f + 4438. Is p composite?
False
Suppose 5*h + 4*i + 29 = 0, 4*h - 2*i = 3*h - 17. Let z = h + 13. Is ((-2)/(-1))/(z/154) prime?
False
Suppose 4*j = j. Suppose 3*l + j*l - 281 = -4*h, -20 = -4*h. Is l a composite number?
True
Suppose 4 = 2*d - 80. Let l = d - 12. Is l + 2/2 + 0 prime?
True
Suppose 10*b = 65141 - 20211. Is b composite?
False
Let c be (-3)/5 + (-85)/25. Is (18/c)/((-1)/2) a prime number?
False
Let w = -978 - -3757. Is w a prime number?
False
Suppose 420 = -5*v + v. Let n = v + 224. Is n a composite number?
True
Let p(u) = -u**2 - 10*u - 11. Let i be p(-8). Let z be (2/i)/((-2)/(-10)). Is 10/(-4)*(z + -8) prime?
False
Let k = 8 - 6. Suppose 4*x + 4*r - 16 = 0, 3*r = 2*x - 6 - 2. Suppose x*c - 314 = -k*t, -2*c + 5*t + 0*t = -139. Is c composite?
True
Let b(u) = 20*u - 3. Let o be b(2). Suppose 4*p + 16 = 0, g - 4*p + o = 2*g. Is g composite?
False
Suppose 2*d - 7*d - 3 = 4*o, -4*d = -3*o + 21. Suppose p - 1 = o*r - 5, r + 5*p = -20. Suppose 2*m = r, -6 = h + 3*m - 28. Is h a prime number?
False
Suppose -3*j = -5*j + 3*t - 1252, j - 4*t = -616. Let z = j + 1305. Is z a composite number?
False
Suppose 4*s + 6 = -3*k, 3 = 4*s - 5*k - 7. Suppose 3*z - 5 - 1 = s. Is 1*5*34/z a prime number?
False
Suppose -3*f - v + 204 = -4*v, -4*v - 20 = 0. Suppose -9 = -3*c, -2*c = 2*k - 3*c - f. Is k composite?
True
Let m = 2044 + -1223. Is m a prime number?
True
Suppose -17*t + 15*t + 26 = 0. Is t composite?
False
Let x(y) = 2*y**2 - 3*y + 8. Let g = 3 + 3. Is x(g) a prime number?
False
Let z be 4/14 - (-36)/21. Suppose 3*i + z*i - 415 = 0. Suppose h - 66 - 11 = -2*o, -i = -2*o - 3*h. Is o prime?
True
Suppose 4*k = 4*s - 28, 4*s = 5*k + 43 - 13. Let b = -3 - 3. Is -19*k/((-4)/b) composite?
True
Let p(w) = 2*w**3 + 2*w**2 - 2*w. Let b be p(1). Suppose y + y - 8 = 0. Suppose y*r - k = b*r + 241, -366 = -3*r + 3*k. Is r composite?
True
Suppose y - 4*y = -9. Suppose 4*s + 3 - 7 = d, -5*d + 14 = -y*s. Is d*(-2 - 261/(-12)) prime?
True
Suppose 2*p + 14 - 4 = 0. Let n(o) = o**3 + 12*o**2 + o - 7. Let b be n(p). Suppose b - 25 = 2*r. Is r prime?
False
Is (-5)/(-15) + (-3)/((-9)/2426) composite?
False
Let f = -6 + 6. Suppose f = -0*q + 3*q - 186. Is q a prime number?
False
Let u = 1977 - 1336. Is u a composite number?
False
Let q = 668 - 287. Let r be (-2)/6 + q/9. Is 1 - 4/((-8)/r) a prime number?
False
Let u(l) = -113*l**2 + 8*l - 8. Let v(g) = -114*g**2 + 7*g - 7. Let t(z) = 4*u(z) - 5*v(z). Is t(2) a composite number?
True
Suppose z - 1 - 4 = 0. Suppose -3*u - 108 = -z*h + 65, -4*u = 4. Is h composite?
True
Suppose -5*b = -10 - 0. Let c(d) = 177*d - 7. Is c(b) composite?
False
Suppose 7*r = 186 + 185. Is r prime?
True
Suppose -5*x - 284 = -2*x + 2*q, 0 = x - 5*q + 123. Let y = -39 - x. Let i = 18 + y. Is i a composite number?
True
Let w be ((-4)/(-2) + -1)*0. Suppose w = v + 2*v - 111. Is v prime?
True
Suppose -2*p - 4*y + 4 = 0, -5*p - 5*y + 3 + 12 = 0. Suppose -5 = m - 1, -p*h + 992 = 3*m. Is h composite?
False
Suppose g = -3*g + 532. Is g composite?
True
Let o = 5 - 1. Let f(n) = n**3 - 4*n**2 + 3. Let q be f(o). Suppose -q*i = -i - 28. Is i composite?
True
Let a = -3 + 14. Is a prime?
True
Is 2 - 4 - 289/(-1) composite?
True
Let j(c) = 10*c**2 + 5*c - 7. Let h(k) = 29*k**2 + 14*k - 20. Let z(t) = 6*h(t) - 17*j(t). Let f be z(-1). Is (-295)/(-4) - f/(-16) prime?
False
Suppose -10 = -3*m - 4, -5*m = 2*r - 246. Let w = r + -65. Is w prime?
True
Let t(m) be the second derivative of 2*m**3/3 + 7*m**2/2 - 5*m. Is t(4) a composite number?
False
Suppose -4*i + 5*m + 3442 = -2*i, -3*m - 5181 = -3*i. Is i a composite number?
True
Let k(l) be the second derivative of l**4/12 - l**3/6 + l**2 - 3*l. Let r be k(2). Let i(a) = -a**3 + 5*a**2 - 3. Is i(r) prime?
True
Let j(g) = -g**3 - 5*g**2 + 3*g + 7. Let u be j(-5). Let f = u - -17. Is f prime?
False
Let y = 41 + -39. Suppose w - 3*w = -8. Suppose -v + 7 = x - y*v, 2*v - 4 = -w*x. Is x prime?
True
Let y(x) = x**2 - 6*x + 7. Let o be y(5). Suppose o*i - 4*f - 270 = 0, -2*f + 7 - 571 = -4*i. Is i a composite number?
True
Let c(q) = -18*q - 13. Is c(-9) a composite number?
False
Suppose -3*u + 230 = -u. Let g = u + -78. Is g prime?
True
Suppose 0 = 3*k - 2 - 7. Let l be (k + -4 + 2)*-11. Let m = 24 + l. Is m a composite number?
False
Let w be 2 + 5 + -1 + 0. Let t(d) = -d**2 + 6*d + 3. Let c be t(w). Suppose 22 = 4*m + c*l, -3*m + 11 = 3*l + 2*l. Is m prime?
True
Suppose 0 = -g - f + 16 + 6, -17 = -g + 4*f. Is g composite?
True
Let g(j) = -53*j + 1. Is g(-4) composite?
True
Suppose -z + 2 = -7. Let f = z + 12. Is f composite?
True
Let z(y) = 6*y**2 + 2*y + 9.